ate the remainder when 53615 is divided by 47237.
6378
What is the remainder when 28525 is divided by 4068?
49
Calculate the remainder when 3444345 is divided by 450.
45
Calculate the remainder when 7341804 is divided by 1835449.
8
Calculate the remainder when 36868381 is divided by 1536182.
13
What is the remainder when 80636 is divided by 3491?
343
Calculate the remainder when 60728729 is divided by 381.
377
Calculate the remainder when 24452932 is divided by 153792.
4
What is the remainder when 46706 is divided by 6656?
114
What is the remainder when 721086 is divided by 13605?
21
Calculate the remainder when 22115 is divided by 156.
119
What is the remainder when 69204166 is divided by 159090?
16
Calculate the remainder when 850804 is divided by 3163.
3120
What is the remainder when 60717 is divided by 560?
237
What is the remainder when 18305 is divided by 2469?
1022
Calculate the remainder when 407384 is divided by 9242.
736
What is the remainder when 18365253 is divided by 2803?
2800
Calculate the remainder when 388292 is divided by 1436.
572
Calculate the remainder when 372627 is divided by 186302.
23
What is the remainder when 2514874 is divided by 29?
23
What is the remainder when 931843 is divided by 358?
327
What is the remainder when 21865750 is divided by 168198?
10
Calculate the remainder when 104813 is divided by 475.
313
What is the remainder when 114296 is divided by 57057?
182
Calculate the remainder when 131697 is divided by 906.
327
What is the remainder when 585006 is divided by 2260?
1926
Calculate the remainder when 763687 is divided by 8880.
7
What is the remainder when 132882 is divided by 14757?
69
Calculate the remainder when 6730264 is divided by 299.
73
What is the remainder when 248809497 is divided by 25?
22
What is the remainder when 11788789 is divided by 104?
77
Calculate the remainder when 26143894 is divided by 2153.
15
What is the remainder when 1127180 is divided by 269?
70
Calculate the remainder when 9413155 is divided by 1323.
10
Calculate the remainder when 2268446 is divided by 12744.
14
Calculate the remainder when 119981169 is divided by 410.
409
Calculate the remainder when 1308154 is divided by 511.
505
What is the remainder when 859092 is divided by 22027?
39
What is the remainder when 2074208 is divided by 1037081?
46
What is the remainder when 1358866 is divided by 372?
322
Calculate the remainder when 6857279 is divided by 403360.
159
Calculate the remainder when 512686 is divided by 876.
226
Calculate the remainder when 635947 is divided by 10257.
13
What is the remainder when 132931 is divided by 26546?
201
Calculate the remainder when 309943 is divided by 9515.
5463
Calculate the remainder when 194848 is divided by 730.
668
Calculate the remainder when 21922970 is divided by 5221.
5212
Calculate the remainder when 180289341 is divided by 865.
851
What is the remainder when 63914049 is divided by 15?
9
What is the remainder when 1961750 is divided by 309?
218
Calculate the remainder when 3912998 is divided by 3912990.
8
What is the remainder when 4631 is divided by 4560?
71
What is the remainder when 7458954 is divided by 235?
54
What is the remainder when 342648 is divided by 114209?
21
What is the remainder when 1769845 is divided by 450?
445
Calculate the remainder when 964781 is divided by 611.
12
Calculate the remainder when 2214243 is divided by 738074.
21
Calculate the remainder when 17660 is divided by 243.
164
Calculate the remainder when 49353302 is divided by 63.
47
Calculate the remainder when 1949467 is divided by 723.
259
What is the remainder when 3520 is divided by 2854?
666
Calculate the remainder when 21625 is divided by 7072.
409
What is the remainder when 37515 is divided by 796?
103
What is the remainder when 46921667 is divided by 1195?
1187
What is the remainder when 34715206 is divided by 964310?
46
Calculate the remainder when 187530776 is divided by 93765384.
8
What is the remainder when 42617752 is divided by 761031?
16
Calculate the remainder when 555816 is divided by 1173.
987
What is the remainder when 1232807 is divided by 410436?
1499
Calculate the remainder when 21282772 is divided by 823.
815
Calculate the remainder when 4137427 is divided by 307.
295
Calculate the remainder when 319329 is divided by 1516.
969
What is the remainder when 411351 is divided by 401079?
10272
What is the remainder when 38213 is divided by 2501?
698
Calculate the remainder when 3102685 is divided by 775646.
101
What is the remainder when 36683750 is divided by 392?
390
What is the remainder when 78897 is divided by 25480?
2457
Calculate the remainder when 1755086 is divided by 250725.
11
What is the remainder when 213610280 is divided by 2355?
5
What is the remainder when 419593 is divided by 32276?
5
What is the remainder when 683282934 is divided by 4996?
4994
Calculate the remainder when 4719 is divided by 1477.
288
Calculate the remainder when 25856200 is divided by 119.
118
Calculate the remainder when 13807479 is divided by 920497.
24
Calculate the remainder when 57655 is divided by 536.
303
What is the remainder when 740301 is divided by 83?
24
Calculate the remainder when 8986353 is divided by 2861.
2813
Calculate the remainder when 19180777 is divided by 23.
19
Calculate the remainder when 31374341 is divided by 1536.
5
What is the remainder when 31820110 is divided by 12?
10
Calculate the remainder when 1205700 is divided by 86121.
6
Calculate the remainder when 873052 is divided by 10035.
7
Calculate the remainder when 55704 is divided by 53571.
2133
Calculate the remainder when 9158 is divided by 2843.
629
Calculate the remainder when 3243 is divided by 751.
239
What is the remainder when 35009546 is divided by 1350?
1346
What is the remainder when 119078 is divided by 8505?
8
Calculate the remainder when 696611 is divided by 855.
641
What is the remainder when 10701 is divided by 1176?
117
What is the remainder when 17803675 is divided by 42289?
6
What is the remainder when 3414781 is divided by 3414776?
5
What is the remainder when 2865710 is divided by 119?
71
What is the remainder when 29512962 is divided by 1103?
1094
What is the remainder when 626943482 is divided by 64?
58
Calculate the remainder when 1952778 is divided by 250.
28
What is the remainder when 748525 is divided by 503?
61
Calculate the remainder when 215963 is divided by 35.
13
What is the remainder when 31793 is divided by 7634?
1257
What is the remainder when 39705 is divided by 3602?
83
What is the remainder when 353661 is divided by 39?
9
Calculate the remainder when 1514789 is divided by 756963.
863
What is the remainder when 53832334 is divided by 224?
206
Calculate the remainder when 429556 is divided by 8760.
316
Calculate the remainder when 101064 is divided by 306.
84
Calculate the remainder when 388205 is divided by 20328.
1973
What is the remainder when 1584897 is divided by 587?
584
Calculate the remainder when 13152674 is divided by 4384110.
344
Calculate the remainder when 121805851 is divided by 71.
26
What is the remainder when 10644 is divided by 2671?
2631
What is the remainder when 313343 is divided by 14815?
2228
What is the remainder when 790415 is divided by 18?
17
Calculate the remainder when 122501 is divided by 17407.
652
Calculate the remainder when 109756 is divided by 7213.
1561
Calculate the remainder when 16949636 is divided by 5480.
5476
What is the remainder when 496359 is divided by 926?
23
What is the remainder when 85727 is divided by 28385?
572
What is the remainder when 9817448 is divided by 21?
11
Calculate the remainder when 3838464 is divided by 3778.
16
Calculate the remainder when 3610425 is divided by 218.
127
Calculate the remainder when 48567 is divided by 8700.
5067
Calculate the remainder when 10950 is divided by 1187.
267
Calculate the remainder when 23520 is divided by 23311.
209
What is the remainder when 467932 is divided by 29159?
1388
What is the remainder when 3075797 is divided by 107?
82
What is the remainder when 729625 is divided by 1477?
1464
Calculate the remainder when 17434435 is divided by 25.
10
Calculate the remainder when 1379499167 is divided by 96.
95
What is the remainder when 2126904 is divided by 125094?
306
What is the r